{"id":77,"date":"2020-03-12T22:15:13","date_gmt":"2020-03-12T21:15:13","guid":{"rendered":"http:\/\/linselles-cyclisme.fr\/?page_id=77"},"modified":"2024-09-16T18:08:22","modified_gmt":"2024-09-16T16:08:22","slug":"les-coureurs","status":"publish","type":"page","link":"https:\/\/linselles-cyclisme.fr\/?page_id=77","title":{"rendered":"Les coureurs"},"content":{"rendered":"\n<p>La section comp\u00e9tition du Linselles Cyclisme int\u00e8gre 11 coureurs au 1<sup>er<\/sup> Septembre 2024.<\/p>\n\n\n\n<p>Le club est affili\u00e9 \u00e0 la f\u00e9d\u00e9ration UFOLEP. Les adh\u00e9rents peuvent ainsi participer\u00e0 toutes les courses UFOLEP organis\u00e9es dans la r\u00e9gion.<\/p>\n\n\n\n<p>Nos coureurs sont dans les cat\u00e9gories 1, 2, 3 et 4 de l\u2019UFOLEP.<\/p>\n\n\n\n<p>Si vous \u00eates un bon cyclo et que vous souhaitez d\u00e9couvrir les sensations fortes des courses, alors les courses UFOLEP sont id\u00e9ales. Vous pourrez d\u00e9marrer en cat\u00e9gorie 3 et int\u00e9grer notre groupe de coureurs. Notre entra\u00eeneur et le groupe se feront un plaisir de vous initier \u00e0 la comp\u00e9tition. On peut d\u00e9marrer \u00e0 tout \u00e2ge.<\/p>\n\n\n\n<p>Pour plus d\u2019information sur les courses UFOLEP, <a href=\"https:\/\/www.cyclismeufolep5962.fr\/\">cliquez sur ce lien<\/a>, ou <a href=\"https:\/\/www.facebook.com\/profile.php?id=100087869571995\">contactez-nous&nbsp;<\/a>!<\/p>\n\n\n\n<p><strong>Bilan de la saison 2023 \/ 2024&nbsp;:<\/strong><\/p>\n\n\n\n<p>Nos coureurs ont particip\u00e9 \u00e0 une trentaine de courses sur la saison, avec des podiums et des victoires \u00e0 la cl\u00e9&nbsp;!<\/p>\n\n\n\n<p>Ils ont d\u2019ailleurs particuli\u00e8rement brill\u00e9 sur la course du Club, organis\u00e9e chaque ann\u00e9e le premier Week-End de Septembre.<\/p>\n\n\n\n<p>En plus d\u2019avoir eu un repr\u00e9sentant du club sur chacune des 4 cat\u00e9gories Senior, nous avons eu le plaisir de voir&nbsp;:<\/p>\n\n\n\n<ul class=\"wp-block-list\">\n<li>S\u00e9bastien s\u2019imposer \u00e0 domicile en 4<sup>\u00e8me<\/sup> cat\u00e9gorie.<\/li>\n\n\n\n<li>Thomas monter sur la 3<sup>\u00e8me<\/sup> marche du podium en 2<sup>\u00e8me<\/sup> cat\u00e9gorie.<\/li>\n<\/ul>\n\n\n\n<p><strong>En 4<sup>\u00e8me<\/sup>cat\u00e9gorie<\/strong>&nbsp;:Seul repr\u00e9sentant du club en 4<sup>\u00e8me<\/sup>, S\u00e9bastien a particip\u00e9 \u00e0 bon nombre de courses, avec beaucoup de places d\u2019honneur tout au long de la saison. Tous ces efforts ont finalement pay\u00e9 au meilleur moment, le r\u00e9compensant d\u2019une magnifique victoire sur la course de son Club.<\/p>\n\n\n\n<p><strong>En 3<sup>\u00e8me<\/sup>cat\u00e9gorie<\/strong>&nbsp;:Nos coureurs de 3<sup>\u00e8me<\/sup> cat\u00e9gorie, plut\u00f4t sp\u00e9cialistes du Cyclocross que de la Route ont tout de m\u00eame particip\u00e9 \u00e0 quelques courses sur Route cette saison. Ils nous ont notamment fait honneur au Grand Prix de Linselles o\u00f9 J\u00e9r\u00f4me Tornuet Alexandre Verhaeghe se sont bien arrach\u00e9s sous un soleil de plomb&nbsp;!<\/p>\n\n\n\n<p>En Cyclocross&nbsp;: 3 podiums pour J\u00e9r\u00f4me Boulogne, et une victoire pour J\u00e9r\u00f4me Tornu&nbsp;!<\/p>\n\n\n\n<p>On compte sur eux pour briller de nouveau cet hiver dans la boue&nbsp;\ud83d\ude09.<\/p>\n\n\n\n<p><strong>En 2<sup>\u00e8me<\/sup>cat\u00e9gorie<\/strong>&nbsp;:Notre cat\u00e9gorie avec le plus de coureurs&nbsp;! Beaucoup de courses effectu\u00e9es, et de beaux accomplissements collectifs.<\/p>\n\n\n\n<p>Th\u00e9o et Tristan ont tous les deux sign\u00e9 une victoire, et une 2<sup>\u00e8me<\/sup> place. Thomas est quant \u00e0 lui mont\u00e9 sur le podium d\u2019une fort belle mani\u00e8re \u00e0 la course de son Club.<\/p>\n\n\n\n<p>Pas mal d\u2019autres places d\u2019honneur au cours de la saison, avec quelques de m\u00e9dailles en chocolat et des TOP 5 \/ TOP 10pour nos coureurs.<\/p>\n\n\n\n<p>On notera \u00e9galement la mont\u00e9e en 1<sup>\u00e8re<\/sup> Cat\u00e9gorie de Th\u00e9o \u00e0 l\u2019issue de longs mois d\u2019une course aux points pour la mont\u00e9e, bien aid\u00e9 par ses co\u00e9quipiers&nbsp;!<\/p>\n\n\n\n<p>Mais surtout, un super esprit d\u2019\u00e9quipe dans cette cat\u00e9gorie, o\u00f9 nos coureurs ont souvent couru en bonne intelligence, sacrifiant parfois leurs chances de victoires pour aider les copains&nbsp;!<\/p>\n\n\n\n<p>Des beaux r\u00e9sultats individuels qui sont donc en r\u00e9alit\u00e9 des victoires collectives&nbsp;!<\/p>\n\n\n\n<p><strong>En 1<sup>\u00e8re<\/sup>cat\u00e9gorie<\/strong>&nbsp;: Arriv\u00e9 sur le tard apr\u00e8s sa mont\u00e9e en Ao\u00fbt, Th\u00e9o a pu participer \u00e0 2 courses en 1<sup>\u00e8re<\/sup>. Il nous a tout de m\u00eame fait honneur sur le Grand Prix de Linselles o\u00f9 il s\u2019est bien battu pour une 6<sup>\u00e8me<\/sup> place.<\/p>\n\n\n\n<p>Envie de venir compl\u00e9ter nos rangs&nbsp;: Vous \u00eates le bienvenu, <a href=\"https:\/\/www.facebook.com\/profile.php?id=100087869571995\">n\u2019h\u00e9sitez pas \u00e0 nous contacter<\/a> pour nous rejoindre&nbsp;\ud83d\ude09<\/p>\n\n\n\n<p><\/p>\n\n\n\n<p><\/p>\n","protected":false},"excerpt":{"rendered":"<p>La section comp\u00e9tition du Linselles Cyclisme int\u00e8gre 11 coureurs au 1er Septembre 2024. Le club est affili\u00e9 \u00e0 la f\u00e9d\u00e9ration UFOLEP. Les adh\u00e9rents peuvent ainsi participer\u00e0 toutes les courses UFOLEP organis\u00e9es dans la r\u00e9gion. Nos coureurs sont dans les cat\u00e9gories 1, 2, 3 et 4 de l\u2019UFOLEP. Si vous \u00eates un bon cyclo et que vous souhaitez d\u00e9couvrir les sensations fortes des courses, alors les courses UFOLEP sont id\u00e9ales. Vous pourrez d\u00e9marrer en cat\u00e9gorie 3 et int\u00e9grer notre groupe de&#8230;<\/p>\n<p class=\"read-more\"><a class=\"btn btn-default\" href=\"https:\/\/linselles-cyclisme.fr\/?page_id=77\">Lire la suite<span class=\"screen-reader-text\"> Lire la suite<\/span><\/a><\/p>\n","protected":false},"author":1,"featured_media":828,"parent":0,"menu_order":0,"comment_status":"closed","ping_status":"closed","template":"","meta":{"footnotes":""},"class_list":["post-77","page","type-page","status-publish","has-post-thumbnail","hentry"],"_links":{"self":[{"href":"https:\/\/linselles-cyclisme.fr\/index.php?rest_route=\/wp\/v2\/pages\/77","targetHints":{"allow":["GET"]}}],"collection":[{"href":"https:\/\/linselles-cyclisme.fr\/index.php?rest_route=\/wp\/v2\/pages"}],"about":[{"href":"https:\/\/linselles-cyclisme.fr\/index.php?rest_route=\/wp\/v2\/types\/page"}],"author":[{"embeddable":true,"href":"https:\/\/linselles-cyclisme.fr\/index.php?rest_route=\/wp\/v2\/users\/1"}],"replies":[{"embeddable":true,"href":"https:\/\/linselles-cyclisme.fr\/index.php?rest_route=%2Fwp%2Fv2%2Fcomments&post=77"}],"version-history":[{"count":17,"href":"https:\/\/linselles-cyclisme.fr\/index.php?rest_route=\/wp\/v2\/pages\/77\/revisions"}],"predecessor-version":[{"id":825,"href":"https:\/\/linselles-cyclisme.fr\/index.php?rest_route=\/wp\/v2\/pages\/77\/revisions\/825"}],"wp:featuredmedia":[{"embeddable":true,"href":"https:\/\/linselles-cyclisme.fr\/index.php?rest_route=\/wp\/v2\/media\/828"}],"wp:attachment":[{"href":"https:\/\/linselles-cyclisme.fr\/index.php?rest_route=%2Fwp%2Fv2%2Fmedia&parent=77"}],"curies":[{"name":"wp","href":"https:\/\/api.w.org\/{rel}","templated":true}]}}

<p>La section compétition du Linselles Cyclisme intègre 11 coureurs au 1<sup>er</sup> Septembre 2024.</p>



<p>Le club est affilié à la fédération UFOLEP. Les adhérents peuvent ainsi participerà toutes les courses UFOLEP organisées dans la région.</p>



<p>Nos coureurs sont dans les catégories 1, 2, 3 et 4 de l’UFOLEP.</p>



<p>Si vous êtes un bon cyclo et que vous souhaitez découvrir les sensations fortes des courses, alors les courses UFOLEP sont idéales. Vous pourrez démarrer en catégorie 3 et intégrer notre groupe de coureurs. Notre entraîneur et le groupe se feront un plaisir de vous initier à la compétition. On peut démarrer à tout âge.</p>



<p>Pour plus d’information sur les courses UFOLEP, <a href="https://www.cyclismeufolep5962.fr/">cliquez sur ce lien</a>, ou <a href="https://www.facebook.com/profile.php?id=100087869571995">contactez-nous&nbsp;</a>!</p>



<p><strong>Bilan de la saison 2023 / 2024&nbsp;:</strong></p>



<p>Nos coureurs ont participé à une trentaine de courses sur la saison, avec des podiums et des victoires à la clé&nbsp;!</p>



<p>Ils ont d’ailleurs particulièrement brillé sur la course du Club, organisée chaque année le premier Week-End de Septembre.</p>



<p>En plus d’avoir eu un représentant du club sur chacune des 4 catégories Senior, nous avons eu le plaisir de voir&nbsp;:</p>



<ul class="wp-block-list">
<li>Sébastien s’imposer à domicile en 4<sup>ème</sup> catégorie.</li>



<li>Thomas monter sur la 3<sup>ème</sup> marche du podium en 2<sup>ème</sup> catégorie.</li>
</ul>



<p><strong>En 4<sup>ème</sup>catégorie</strong>&nbsp;:Seul représentant du club en 4<sup>ème</sup>, Sébastien a participé à bon nombre de courses, avec beaucoup de places d’honneur tout au long de la saison. Tous ces efforts ont finalement payé au meilleur moment, le récompensant d’une magnifique victoire sur la course de son Club.</p>



<p><strong>En 3<sup>ème</sup>catégorie</strong>&nbsp;:Nos coureurs de 3<sup>ème</sup> catégorie, plutôt spécialistes du Cyclocross que de la Route ont tout de même participé à quelques courses sur Route cette saison. Ils nous ont notamment fait honneur au Grand Prix de Linselles où Jérôme Tornuet Alexandre Verhaeghe se sont bien arrachés sous un soleil de plomb&nbsp;!</p>



<p>En Cyclocross&nbsp;: 3 podiums pour Jérôme Boulogne, et une victoire pour Jérôme Tornu&nbsp;!</p>



<p>On compte sur eux pour briller de nouveau cet hiver dans la boue&nbsp;😉.</p>



<p><strong>En 2<sup>ème</sup>catégorie</strong>&nbsp;:Notre catégorie avec le plus de coureurs&nbsp;! Beaucoup de courses effectuées, et de beaux accomplissements collectifs.</p>



<p>Théo et Tristan ont tous les deux signé une victoire, et une 2<sup>ème</sup> place. Thomas est quant à lui monté sur le podium d’une fort belle manière à la course de son Club.</p>



<p>Pas mal d’autres places d’honneur au cours de la saison, avec quelques de médailles en chocolat et des TOP 5 / TOP 10pour nos coureurs.</p>



<p>On notera également la montée en 1<sup>ère</sup> Catégorie de Théo à l’issue de longs mois d’une course aux points pour la montée, bien aidé par ses coéquipiers&nbsp;!</p>



<p>Mais surtout, un super esprit d’équipe dans cette catégorie, où nos coureurs ont souvent couru en bonne intelligence, sacrifiant parfois leurs chances de victoires pour aider les copains&nbsp;!</p>



<p>Des beaux résultats individuels qui sont donc en réalité des victoires collectives&nbsp;!</p>



<p><strong>En 1<sup>ère</sup>catégorie</strong>&nbsp;: Arrivé sur le tard après sa montée en Août, Théo a pu participer à 2 courses en 1<sup>ère</sup>. Il nous a tout de même fait honneur sur le Grand Prix de Linselles où il s’est bien battu pour une 6<sup>ème</sup> place.</p>



<p>Envie de venir compléter nos rangs&nbsp;: Vous êtes le bienvenu, <a href="https://www.facebook.com/profile.php?id=100087869571995">n’hésitez pas à nous contacter</a> pour nous rejoindre&nbsp;😉</p>



<p></p>



<p></p>

<p>La section compétition du Linselles Cyclisme intègre 11 coureurs au 1er Septembre 2024. Le club est affilié à la fédération UFOLEP. Les adhérents peuvent ainsi participerà toutes les courses UFOLEP organisées dans la région. Nos coureurs sont dans les catégories 1, 2, 3 et 4 de l’UFOLEP. Si vous êtes un bon cyclo et que vous souhaitez découvrir les sensations fortes des courses, alors les courses UFOLEP sont idéales. Vous pourrez démarrer en catégorie 3 et intégrer notre groupe de&#8230;</p>
<p class="read-more"><a class="btn btn-default" href="https://linselles-cyclisme.fr/?page_id=77">Lire la suite<span class="screen-reader-text"> Lire la suite</span></a></p>
